004*z + 55165. Determine s(11).
121
Let y(j) = 8605*j - 1540300. Calculate y(179).
-5
Let j(a) = a**2 - 9*a - 9916. Give j(-99).
776
Let v(c) = c**3 + 173*c**2 - 685*c + 4097. Calculate v(-177).
26
Let r(m) = 17434*m + 906507. What is r(-52)?
-61
Let v(o) = 234386*o + 20. Calculate v(0).
20
Let c(q) = -13*q**3 + 5*q**2 - 15*q + 26. Determine c(2).
-88
Let z(f) = f**3 + 176*f**2 + 121*f - 9839. Calculate z(-175).
-389
Let s(f) = f**3 + 5*f**2 - 120*f - 1070. Determine s(-11).
-476
Let x(m) = 896*m + 74206. Determine x(-83).
-162
Let v(m) = 404*m**3 + 2*m**2 - 11*m - 12. What is v(-1)?
-403
Let d(v) = 11*v**2 + 146*v + 49. Determine d(-15).
334
Let z(v) = -36*v**3 - 213*v**2 - 183*v - 1204. Give z(-6).
2
Let o(p) = -21*p**3 - 825*p**2 - 207*p + 1008. Determine o(-39).
-45
Let v(h) = 94*h**2 - 3398*h - 6793. Determine v(-2).
379
Let s(f) = f**3 + 5*f**2 + 2112*f + 12573. Calculate s(-6).
-135
Let o(h) = -11*h**2 - 1910*h + 11868. Determine o(6).
12
Let c(n) = 433911*n - 867807. What is c(2)?
15
Let f(v) = 562400*v + 1124875. Determine f(-2).
75
Let s(k) = -k**3 + 39*k**2 + 2918*k - 254. Calculate s(-38).
50
Let a(k) = k**3 - 30*k**2 + 209*k - 9150. Give a(32).
-414
Let q(x) = -4*x**2 + 46*x + 198. Give q(15).
-12
Let v(s) = -s**3 - 12*s**2 + 758*s + 11089. What is v(-14)?
869
Let w(l) = -184871*l + 1294103. Calculate w(7).
6
Let h(b) = -3*b**2 - 153*b - 106. Determine h(-20).
1754
Let m(d) = 3*d**3 + 30*d**2 + 477*d + 4651. What is m(-10)?
-119
Let s(r) = 6*r**2 + 12844*r - 1246391. What is s(93)?
-5
Let j(t) = 47*t**2 + 278*t + 3409. Calculate j(-13).
7738
Let c(d) = 2*d**3 + 411*d**2 - 1464*d - 209. Determine c(-209).
0
Let x(h) = -h**2 - 2126*h - 19021. Determine x(-9).
32
Let c(f) = -538*f**2 + 6548*f - 1098. Determine c(12).
6
Let b(s) = 105*s**2 - 2264*s - 15812. What is b(-7)?
5181
Let h(n) = -1193*n + 16622. Calculate h(14).
-80
Let i(j) = 6*j**2 + 224*j + 598. Determine i(-34).
-82
Let m(i) = 1272*i - 18921. Calculate m(15).
159
Let b(i) = 14915*i - 29546. Determine b(2).
284
Let u(q) = 909*q + 4631. Determine u(-3).
1904
Let z(w) = 805*w - 13931. Give z(17).
-246
Let t(a) = -a**2 + 107*a + 23220. What is t(215)?
0
Let s(a) = a**3 - 71*a**2 + 650*a + 35. What is s(11)?
-75
Let r(z) = -890*z**2 + 7581*z + 3869. Determine r(9).
8
Let u(r) = -2291*r + 691906. Calculate u(302).
24
Let u(j) = -50969*j - 15035849. What is u(-295)?
6
Let p(z) = -208*z - 8494. Calculate p(-34).
-1422
Let i(c) = -6897*c - 106345. Give i(-16).
4007
Let g(j) = -46*j**2 + 250*j + 2401. Determine g(-5).
1
Let n(s) = -90*s + 2262. Calculate n(26).
-78
Let m(o) = -20143*o + 2094862. Determine m(104).
-10
Let z(o) = o**2 - 6199*o + 337813. Give z(55).
-107
Let m(d) = 5*d**2 + 32882*d + 1112210. Give m(-34).
2
Let n(z) = 3*z**2 + 265*z - 714. What is n(-91)?
14
Let j(g) = 44*g - 3306. Calculate j(78).
126
Let x(i) = -5645*i - 609656. Determine x(-108).
4
Let b(j) = 84*j**3 + 336*j**2 - 9*j + 26. Give b(-4).
62
Let p(q) = -2*q**3 - 238*q**2 - 2739*q + 1791. What is p(-106)?
-11
Let f(g) = 526*g + 69392. Calculate f(-132).
-40
Let w(a) = 6695*a + 160634. Give w(-24).
-46
Let l(u) = -u**2 + 77*u - 140. What is l(87)?
-1010
Let l(m) = 2*m**2 - 105*m - 30000. Give l(-99).
-3
Let i(q) = 3*q**3 - 105*q**2 - 373*q - 91. Calculate i(-3).
2
Let m(n) = 10*n**3 + 47*n**2 + 11*n + 46. What is m(-5)?
-84
Let s(i) = -i**3 + 16*i**2 + 1091*i + 3168. Determine s(-24).
24
Let d(w) = -10934*w + 207746. What is d(19)?
0
Let t(m) = -13326*m + 199880. Give t(15).
-10
Let u(g) = 6*g**3 - 188*g**2 + 1145*g + 155. Give u(23).
40
Let o(i) = 21*i**3 + 21*i**2 + 13*i + 48. What is o(-4)?
-1012
Let s(m) = -14*m**2 - 517*m + 3306. What is s(5)?
371
Let n(j) = -615*j**2 + 25829*j + 32. Calculate n(42).
-10
Let l(i) = 252*i + 49968. Determine l(-198).
72
Let y(f) = -f**3 + 99*f**2 + 109*f - 1012. What is y(100)?
-112
Let v(d) = -28*d**2 - 776*d + 98. Calculate v(-29).
-946
Let s(r) = 4*r**3 - 1417*r**2 - 1064*r - 1364. Calculate s(355).
-1009
Let q(j) = 359*j**2 + 3228*j - 42. Give q(-9).
-15
Let t(o) = -672515*o - 7. Determine t(0).
-7
Let k(n) = -3*n**3 - 6*n**2 - 6*n + 94. Calculate k(4).
-218
Let c(n) = -2*n**3 - 289*n**2 - 751*n - 5826. What is c(-142)?
-4
Let v(n) = 45*n**3 + 9*n**2 + 227*n + 654. Determine v(-3).
-1161
Let v(h) = 1321*h - 10195. Give v(9).
1694
Let i(j) = -450*j - 4682. Calculate i(-10).
-182
Let i(m) = -m**3 + 67*m**2 + 1312*m - 81004. Determine i(69).
2
Let h(s) = -32*s**3 + 375*s**2 + 130*s - 276. What is h(12)?
-12
Let d(j) = -11*j**2 + 1049*j + 125. Determine d(97).
-1621
Let g(s) = 387*s**2 + 166023*s + 2. What is g(-429)?
2
Let j(u) = 291*u + 4986. Calculate j(-17).
39
Let k(f) = -f**2 - 390*f + 43609. Give k(90).
409
Let r(v) = 517*v + 5533. Determine r(-11).
-154
Let o(l) = 13*l**2 + 183*l + 31. Determine o(-11).
-409
Let y(b) = -9560*b - 18943. Determine y(-2).
177
Let k(g) = -5*g**2 - 33*g - 150. Give k(-7).
-164
Let d(v) = -v**3 - 15*v**2 + 400*v + 58. Give d(-29).
232
Let q(x) = -2*x**3 + 79*x**2 + 77*x + 89. Give q(40).
1569
Let n(x) = 241*x - 2687. What is n(10)?
-277
Let q(h) = 2*h**3 - 112*h**2 - 367*h - 5. What is q(59)?
-772
Let o(d) = -d**2 - 43*d + 1306. Give o(21).
-38
Let s(c) = -8*c**2 + 145*c + 193. Give s(17).
346
Let y(a) = 201*a**2 + 1190*a - 84. Calculate y(-6).
12
Let n(z) = z**3 - 291*z**2 - 1491*z + 350071. Give n(292).
-37
Let q(x) = x**3 - 104*x**2 + 2634*x + 210. Determine q(60).
-150
Let y(t) = -23*t + 351. Determine y(57).
-960
Let t(j) = -14*j**2 - 95*j + 185. Give t(2).
-61
Let l(k) = -77*k**3 - 61679*k**2 - 1603*k - 804. What is l(-801)?
-3
Let f(o) = -2*o**2 - 195*o - 1348. Calculate f(-7).
-81
Let z(y) = -5*y**3 + 57*y**2 - 95*y + 898. Calculate z(11).
95
Let v(w) = 5*w**3 + 792*w**2 + 22178*w - 3152. Give v(-122).
20
Let s(z) = z**2 - 151*z + 1371. Calculate s(148).
927
Let v(b) = b**3 - 391*b**2 + 29284*b + 473. Give v(101).
-133
Let s(p) = 13779*p - 606119. What is s(44)?
157
Let g(a) = 2*a**3 - 5*a**2 - 86*a + 175. What is g(7)?
14
Let z(a) = -a**3 + 249*a**2 + 1021*a + 26. What is z(-4)?
-10
Let c(r) = 2905*r - 127815. Determine c(44).
5
Let m(u) = 28*u - 3811. What is m(92)?
-1235
Let l(o) = 13925*o - 222792. Determine l(16).
8
Let x(l) = 207*l + 31103. Determine x(-150).
53
Let t(p) = 55757*p + 501800. What is t(-9)?
-13
Let p(v) = 2*v**2 - 6041*v + 54210. Determine p(9).
3
Let k(r) = 3*r**3 - 1203*r**2 - 5791*r - 121391. What is k(406)?
3
Let u(v) = 1353*v + 570956. Give u(-422).
-10
Let h(b) = -2*b**3 - 809*b**2 + 2867*b + 4492. Determine h(-408).
4
Let r(o) = -11363*o - 22726. Determine r(-2).
0
Let z(n) = -2120*n - 44534. Determine z(-20).
-2134
Let j(w) = w**3 - 26*w**2 - 99*w + 3753. What is j(14)?
15
Let b(m) = -3514015*m - 21084096. Calculate b(-6).
-6
Let u(b) = -238*b - 38080. Determine u(-160).
0
Let a(r) = -94085*r**2 + 376335*r + 6. Determine a(4).
-14
Let q(p) = -233*p + 60333. What is q(259)?
-14
Let o(r) = -r**3 - 3*r**2 - 3346*r + 3347. Calculate o(1).
-3
Let p(c) = 11*c**2 - 50*c - 771. Determine p(11).
10
Let o(p) = -216*p + 21494. Calculate o(104).
-970
Let v(q) = q**2 - 530*q - 16960. Give v(-30).
-160
Let o(d) = 67*d**2 + 9587*d + 852. Calculate o(-143).
-6
Let j(w) = -w**2 - 259*w + 24143. What is j(-333)?
-499
Let q(b) = -11*b**2 + 248*b - 794. Give q(20).
-234
Let l(q) = -3*q**2 + 37106*q + 185564. Calculate l(-5).
-41
Let h(z) = -2*z**2 - 17*z + 7121. Give h(58).
-593
Let f(n) = -21*n**3 - 16*n**2 - 59*n - 259. Determine f(-4).
1065
Let a(b) = -3*b**3 - 6*b**2 - 318*b + 2335. Determine a(9).
-3200
Let l(r) = r**3 - 49*r**2 + 82*r - 1592. Calculate l(48).
40
Let a(q) = -2*q**2 + 74*q - 742. What is a(12)?
-142
Let h(n) = 244*n**2 + 2184*n - 43. Calculate h(-6).
-4363
Let m(b) = 3*b**2 + 104*b - 13805. Calculate m(-88).
275
Let q(t) = 17*t**3 - 82*t**2 - 26*t - 1. Give q(5).
-56
Let i(v) = -174*v**2 - 4913*v + 28908. What is i(5)?
-7
Let a(m) = 38077*m - 190192. What is a(5)?
193
Let o(h) = -35*h**2 - 10256*h - 20686. Determine o(-291).
-25
Let r(v) = -57*v**2 - 995*v + 1983. What is r(2)?
-235
Let t(k) = -542*k**2 - 3739*k + 402. Determine t(-7).
17
Let d(t) = -t**3 + 39*t**2 - 49*t - 1216. What is d(37)?
-291
Let g(m) = 338128*m - 2028767. Determine g(6).
1
Let t(o) = 22*o**3 - 5455*o**2 - 230*o - 44